*t = p - 11, 5*p - 5*t + 3 = -t. Let u = 2 + p. What is the hundreds digit of ((-9)/u)/((-6)/350)?
1
Let p(c) = -c**3 - 10*c**2 + 11*c - 5. Let r be p(-11). What is the hundreds digit of 3/(-2)*r*1908/54?
2
Let f be ((-5528)/(-22))/4 - 14/(-77). Suppose -g + 1573 = p - f, -p - 2 = 0. What is the tens digit of g?
3
Let f(l) be the second derivative of 9*l**4/4 + 5*l**3/6 + 11*l**2 + 28*l. What is the hundreds digit of f(-4)?
4
Let w = 11 - 8. Suppose -2*p - w*p = 0. Suppose -l = -5*m - 48, -3*m + p*m - 68 = -2*l. What is the units digit of l?
8
Let t(a) = -6856*a + 10*a**2 - 5*a**2 + 6832*a + 71. What is the tens digit of t(-13)?
2
Let w(l) = -605*l - 152. What is the tens digit of w(-7)?
8
Suppose 150*n - 60170 = 128*n. What is the thousands digit of n?
2
Suppose 203316 - 39885 - 219 = 21*h. What is the units digit of h?
2
Suppose -14 = 5*y + 16. Let h(m) = -m**3 - 6*m**2 - 13*m - 1. Let i be h(y). Let g = 144 - i. What is the units digit of g?
7
Let a be ((-2)/(-2))/(4 - (-60)/(-16)). What is the tens digit of 124/2 + a*27/(-36)?
5
Suppose p + 5*x = 26, 0 = -5*p + 2*p + x + 14. Let u be 100/(-8)*7/((-105)/p). Suppose 0 = u*m - m + a - 1167, -4*a - 899 = -3*m. What is the units digit of m?
3
Let o(b) = -38*b**3 - 2*b**2 + b - 2. Let j be o(-2). Suppose p + 17*k - 50 = 20*k, k + j = 5*p. What is the units digit of p?
9
Let t(x) = -x**3 - 33*x**2 - 62*x - 24. Let f be t(-31). What is the hundreds digit of (-3952)/f + 4/(-6)?
1
Let k = -17 - -22. Suppose 3*p - 5*z - 2 = -3, 5 = -k*z. Let u(a) = -64*a + 2. What is the tens digit of u(p)?
3
Let c(t) = t**3 + 7*t**2 + 3*t - 12. Let l be c(-6). Suppose -l*z + 90 = -4*z. Let n = z + -15. What is the tens digit of n?
3
Let t(w) = -10*w + 44. Let s be t(6). Let f = s + 16. Suppose -407 = -3*p - 5*o, f*o = -5*p - 4*o + 661. What is the units digit of p?
9
Let h be 1 + 0*2/(-4). Let q = -481 + 476. What is the units digit of -87*q/(h - -14)?
9
Let y(b) = 231*b - 1934. What is the thousands digit of y(22)?
3
Let h(t) = t**3 - 12*t**2 - 36*t - 18. Suppose 38*w - 42*w + 60 = 0. Let z be h(w). Suppose 0 = 7*x + 2*x - z. What is the tens digit of x?
1
Let a(r) = r**2 + 15*r + 58. Let p be a(-9). Suppose 0 = 2*c + 4 - p. Suppose c = -11*g + 727 + 98. What is the tens digit of g?
7
Suppose -4*v + 354*h - 358*h + 50800 = 0, 5*v = h + 63536. What is the tens digit of v?
0
Suppose -6*j - 27 = -81. Let y = -7 + j. What is the tens digit of 76*y/(-20)*-5?
3
Let w(o) be the second derivative of -1/4*o**4 + 3*o**2 - 9*o + 11/6*o**3 + 0 + 1/20*o**5. What is the units digit of w(5)?
1
Let b(f) = -46*f**3 - 13*f**2 - 10*f + 53. What is the hundreds digit of b(-5)?
5
Suppose -873*h = -668*h - 3495250. What is the units digit of h?
0
Let g = -12229 - -20753. What is the tens digit of g?
2
Let t be -170 - ((-16)/(-2) - 4)/(-2). Let f = 144 - t. What is the tens digit of f?
1
Suppose -4 = -4*i - 2*u, -2*i + 5*u = i - 29. Suppose 0 = -i*f - 2*d + 547, 8*d - 178 = -f + 3*d. Suppose 0 = 12*m - 1641 - f. What is the tens digit of m?
5
Let i(x) = 353*x**2 + 402*x + 2435. What is the ten thousands digit of i(-6)?
1
Let w(b) = -b**2 + 8*b + 6532. What is the units digit of w(0)?
2
Let j(q) be the third derivative of 7*q**6/120 - q**5/60 + q**4/12 - 5*q**3/6 + 2*q**2 + 1. What is the tens digit of j(2)?
5
Let r = -264 - -276. Suppose 35*u - r*u - 18722 = 0. What is the tens digit of u?
1
Let f be 5*((-1)/2)/(50/(-60)). Suppose 19*l - 20*l - 227 = -f*b, -b - 2*l = -78. What is the units digit of b?
6
Let d be ((-68)/(-2))/(6/3). Suppose 4 = 7*o - d. Suppose y = 4*y - 6, -o*i - y + 8 = 0. What is the units digit of i?
2
Suppose 4 = -3*v + 7*v - n, -4*v = 2*n + 8. Suppose 0 = -7*d - 9*d + 112. What is the units digit of -3 + v - (-148 - d)?
2
Let m be 2/(9 + (-105)/12). Suppose -7668 = -m*q + 3868. What is the hundreds digit of q?
4
What is the thousands digit of (-68)/170 - 31094/(-10)?
3
Let y(g) = 13*g + 2451. What is the hundreds digit of y(16)?
6
Let h = 10490 - -8452. What is the ten thousands digit of h?
1
Let i(v) = 6*v**2 - 2*v + 2. Let a be i(1). Suppose -a*u + 7079 - 425 = 0. What is the thousands digit of u?
1
Let v = 70136 - 40289. What is the hundreds digit of v?
8
Let b be (-5 - -6)/(1 - (-1116)/(-1119)). Suppose -c + 1 - 2 = 0, 3*f + 5*c - b = 0. Let q = -68 + f. What is the tens digit of q?
5
Let w = 11702 + -7538. What is the hundreds digit of w?
1
What is the ten thousands digit of -2 + (0 - -37803) - 18*38/(-342)?
3
Let w be 512/48 + (-2)/3. Let u = w + -8. What is the units digit of ((-8 + u)/3)/((-6)/249)?
3
Let b be (10/(-8))/((-4)/256). Let u be (-6464)/192 - (12/9 + -2). Let a = b + u. What is the tens digit of a?
4
Suppose 0 = 164*s - 368035 - 55789 + 60400. What is the tens digit of s?
1
Let n(u) = 22*u**2 + u + 6. Let s be n(2). Suppose -j - 3*j = i + 112, s = -4*j - 5*i. Let d = 47 - j. What is the tens digit of d?
7
Let b = -5 + 36. Let p = b + 701. Suppose 2*h - 4*q + 416 = 5*h, 5*h - p = 3*q. What is the hundreds digit of h?
1
Suppose 0 = -4*s - i + 18762, -s - 43*i + 4697 = -46*i. What is the units digit of s?
1
Let j = 1984 - -240. What is the hundreds digit of j?
2
Let i = -26 + 28. Suppose -15 = 5*w - i*r - 53, 0 = -2*w - 5*r - 8. What is the tens digit of (801/w)/(6/8)?
7
Suppose -13*w - 10 = -36. Let x be (1 + -9 - -7) + 8/w. Suppose 5*u = m + 1, 0 = 2*m + x*u - 6*u - 19. What is the tens digit of m?
1
Let l = 9110 + -1165. What is the units digit of l/10 - (-5)/2?
7
Suppose -3*n + 872 = 5*y, 4*n + 5*y - 1096 = 60. Suppose -291*b + 4697 = -n*b. What is the hundreds digit of b?
6
Let s(p) = -9*p - 103. Suppose -2*n - 26 = 3*t + 17, t = n + 14. What is the units digit of s(n)?
0
Let p(q) = -9*q**2 - 8*q + 37. Let m be p(4). Let n = m + 222. What is the units digit of n?
3
Let b be 8/(-20) + -2 + 10776/15. Let g = -321 + b. What is the units digit of g?
5
Let f(u) = 2*u**2 + 41*u + 49. Let l be f(-20). Suppose 104 - l = 25*p. What is the units digit of p?
3
Suppose -5*a - 2768 = -0*a - 3*y, -4*a - 3*y = 2209. Let f = -407 - a. What is the units digit of f?
6
Suppose -5*h + 3*v = -111, v = h - 1 - 22. Suppose -7*p = 84 - h. Let a(i) = -i**3 - 7*i**2 + 11*i + 7. What is the units digit of a(p)?
0
Let y = 61845 - -7122. What is the thousands digit of y?
8
Suppose 9*x + 15*x = 22080. What is the hundreds digit of 63/5*x/69?
1
Suppose 106*d + 36070 = 611226. What is the units digit of d?
6
What is the tens digit of -35*76/(-133) + 7383?
0
Let t(x) = -34*x. Let z = -13 - -17. Let n be t(z). Let r = n + 196. What is the units digit of r?
0
Let t(f) = 5*f**3 + 4*f. Let v be t(-2). What is the units digit of (-8)/(-2) + 935 + v?
1
Suppose 6*j = 2*j - 31824. What is the units digit of (1/(-2))/(17/j)?
4
Suppose -l + 5*l - 1360 = 0. Let c be ((-3)/6*(-19)/(-38))/((-1)/8). Suppose c*h = 3*k + 170, -3*k - k = -4*h + l. What is the units digit of h?
5
Let d be (-6)/(-4)*8*10/(-15). What is the tens digit of (4060/d)/(-7)*(28 + -16)?
7
Suppose 22*u - 21*u = -5*d + 68427, 6 = 3*u. What is the thousands digit of d?
3
Suppose -p = -4*s - 2051 - 1690, -2*p - 2*s + 7432 = 0. Let z = p - 2098. What is the units digit of z?
3
Suppose -52*w - 214545 = -817381. What is the ten thousands digit of w?
1
Suppose 2*s - 3 = -11, -5*n = 3*s + 17. What is the tens digit of 295 + 3 + n + -6?
9
Let u = -670 - -673. Suppose 0 = -v - u*b + 352, 14*b - 16*b - 1478 = -4*v. What is the hundreds digit of v?
3
Let x = 598 - 593. What is the thousands digit of x/((-25)/(-3448))*5/2?
1
Let h = 3498 - 849. What is the units digit of h?
9
Suppose 211915 = 29*y - 31547 - 276653. What is the units digit of y?
5
Let w = 321 - 315. What is the units digit of -5 + 4 - (w + -885)?
8
Let t(a) = -a**3 + 113*a + 1399. What is the units digit of t(-35)?
9
Suppose -5*s - o + 19442 = 0, 3*s - 357*o = -353*o + 11679. What is the hundreds digit of s?
8
Suppose 16*c = 12*c - 24. What is the units digit of 4 - ((-19180)/56 + c/4)?
8
Suppose -424*c = -8325834 - 7716206. What is the tens digit of c?
3
Let b be 6/(-4 + 1)*-2. Suppose -b*u - 4*h - 16 = 0, -9 = u - h - 1. What is the units digit of (1 + 0 - 4) + (42 - u)?
5
Let w be (64/(-48))/((-2)/63). Let b = w + -37. Suppose 0*l = b*l - 170. What is the units digit of l?
4
Let s(t) = 1033*t**2 - 54*t**2 - 8 